 the remainder when 1214 is divided by 17?
7
What is the remainder when 32426 is divided by 186?
62
Calculate the remainder when 44064 is divided by 46.
42
Calculate the remainder when 241 is divided by 61.
58
Calculate the remainder when 5534 is divided by 5533.
1
Calculate the remainder when 2709 is divided by 374.
91
Calculate the remainder when 4411448 is divided by 83.
81
Calculate the remainder when 10991 is divided by 354.
17
Calculate the remainder when 73908 is divided by 385.
373
Calculate the remainder when 4475 is divided by 121.
119
What is the remainder when 32432 is divided by 4630?
22
Calculate the remainder when 25275 is divided by 25.
0
Calculate the remainder when 19180 is divided by 3819.
85
Calculate the remainder when 868 is divided by 214.
12
What is the remainder when 125570 is divided by 223?
21
Calculate the remainder when 49691 is divided by 175.
166
What is the remainder when 460157 is divided by 23?
19
What is the remainder when 2763 is divided by 22?
13
Calculate the remainder when 13253 is divided by 13190.
63
What is the remainder when 31126 is divided by 2008?
1006
Calculate the remainder when 17012 is divided by 12.
8
What is the remainder when 295546 is divided by 1381?
12
Calculate the remainder when 6660 is divided by 3330.
0
What is the remainder when 43411 is divided by 113?
19
What is the remainder when 603952 is divided by 267?
265
What is the remainder when 85183 is divided by 458?
453
What is the remainder when 122406 is divided by 352?
262
What is the remainder when 57527 is divided by 253?
96
Calculate the remainder when 754 is divided by 546.
208
What is the remainder when 798 is divided by 20?
18
What is the remainder when 74796 is divided by 85?
81
Calculate the remainder when 51633 is divided by 434.
421
What is the remainder when 5638 is divided by 119?
45
Calculate the remainder when 107294 is divided by 37.
31
Calculate the remainder when 5082 is divided by 504.
42
What is the remainder when 414871 is divided by 42?
37
What is the remainder when 64050 is divided by 4926?
12
Calculate the remainder when 66751 is divided by 2567.
9
Calculate the remainder when 31750 is divided by 529.
10
Calculate the remainder when 34984 is divided by 2903.
148
Calculate the remainder when 66326 is divided by 33146.
34
Calculate the remainder when 157309 is divided by 352.
317
What is the remainder when 4176 is divided by 1842?
492
Calculate the remainder when 449157 is divided by 570.
567
Calculate the remainder when 36025 is divided by 242.
209
What is the remainder when 3794 is divided by 1604?
586
Calculate the remainder when 253211 is divided by 84402.
5
Calculate the remainder when 14037 is divided by 167.
9
Calculate the remainder when 48792 is divided by 27.
3
Calculate the remainder when 62849 is divided by 873.
866
Calculate the remainder when 500 is divided by 235.
30
Calculate the remainder when 11881 is divided by 75.
31
What is the remainder when 5127 is divided by 7?
3
Calculate the remainder when 5312 is divided by 38.
30
What is the remainder when 9411 is divided by 107?
102
Calculate the remainder when 9671 is divided by 4370.
931
Calculate the remainder when 86817 is divided by 222.
15
Calculate the remainder when 589 is divided by 39.
4
What is the remainder when 179 is divided by 147?
32
What is the remainder when 2006 is divided by 142?
18
Calculate the remainder when 1818635 is divided by 193.
189
Calculate the remainder when 1187884 is divided by 306.
298
What is the remainder when 20609 is divided by 125?
109
What is the remainder when 32051 is divided by 267?
11
What is the remainder when 1935 is divided by 609?
108
Calculate the remainder when 6261 is divided by 59.
7
Calculate the remainder when 1117 is divided by 47.
36
Calculate the remainder when 55031 is divided by 58.
47
What is the remainder when 1731 is divided by 325?
106
Calculate the remainder when 19171 is divided by 90.
1
What is the remainder when 6385 is divided by 287?
71
Calculate the remainder when 3448064 is divided by 1612.
1608
What is the remainder when 22138 is divided by 7379?
1
Calculate the remainder when 18641 is divided by 1417.
220
Calculate the remainder when 920 is divided by 775.
145
Calculate the remainder when 3031 is divided by 605.
6
Calculate the remainder when 11072 is divided by 67.
17
What is the remainder when 76989 is divided by 19241?
25
Calculate the remainder when 65764 is divided by 117.
10
What is the remainder when 45896 is divided by 16?
8
Calculate the remainder when 15905 is divided by 378.
29
Calculate the remainder when 1069657 is divided by 229.
227
What is the remainder when 61616 is divided by 770?
16
What is the remainder when 2564 is divided by 318?
20
Calculate the remainder when 185 is divided by 53.
26
Calculate the remainder when 27188 is divided by 352.
84
Calculate the remainder when 687646 is divided by 754.
752
Calculate the remainder when 3600 is divided by 103.
98
What is the remainder when 4817342 is divided by 28?
26
Calculate the remainder when 300425 is divided by 341.
4
What is the remainder when 40292 is divided by 55?
32
Calculate the remainder when 3638 is divided by 882.
110
What is the remainder when 78861 is divided by 39426?
9
What is the remainder when 136647 is divided by 26?
17
What is the remainder when 81405 is divided by 70?
65
What is the remainder when 21169 is divided by 29?
28
What is the remainder when 182517 is divided by 12167?
12
Calculate the remainder when 47884 is divided by 51.
46
Calculate the remainder when 295347 is divided by 302.
293
Calculate the remainder when 52814 is divided by 894.
68
What is the remainder when 36717 is divided by 40?
37
What is the remainder when 1532649 is divided by 50?
49
Calculate the remainder when 4701 is divided by 176.
125
Calculate the remainder when 863097 is divided by 630.
627
Calculate the remainder when 3056 is divided by 802.
650
What is the remainder when 4997 is divided by 6?
5
What is the remainder when 425048 is divided by 6968?
0
What is the remainder when 1694 is divided by 368?
222
Calculate the remainder when 6481 is divided by 3220.
41
Calculate the remainder when 3925 is divided by 1120.
565
Calculate the remainder when 51275 is divided by 81.
2
What is the remainder when 1099359 is divided by 16?
15
What is the remainder when 58489 is divided by 58489?
0
Calculate the remainder when 3818 is divided by 491.
381
What is the remainder when 11983 is divided by 74?
69
What is the remainder when 147514 is divided by 69?
61
Calculate the remainder when 56143 is divided by 25.
18
Calculate the remainder when 157874 is divided by 3670.
64
What is the remainder when 4553 is divided by 250?
53
Calculate the remainder when 87603 is divided by 31.
28
Calculate the remainder when 16429 is divided by 401.
389
What is the remainder when 43380 is divided by 11?
7
What is the remainder when 236642 is divided by 31?
19
Calculate the remainder when 16445 is divided by 8213.
19
Calculate the remainder when 17207 is divided by 3435.
32
What is the remainder when 5689 is divided by 85?
79
What is the remainder when 39318 is divided by 722?
330
What is the remainder when 3350 is divided by 331?
40
What is the remainder when 1599 is divided by 1486?
113
Calculate the remainder when 2965 is divided by 2957.
8
Calculate the remainder when 79681 is divided by 65.
56
Calculate the remainder when 21530 is divided by 897.
2
What is the remainder when 3924 is divided by 1696?
532
Calculate the remainder when 1348 is divided by 34.
22
What is the remainder when 639479 is divided by 292?
291
Calculate the remainder when 1525 is divided by 1103.
422
Calculate the remainder when 443 is divided by 37.
36
Calculate the remainder when 2721 is divided by 955.
811
Calculate the remainder when 343648 is divided by 11.
8
What is the remainder when 1832 is divided by 1828?
4
What is the remainder when 19702 is divided by 137?
111
What is the remainder when 126851 is divided by 554?
539
What is the remainder when 199021 is divided by 33?
31
Calculate the remainder when 26926 is divided by 306.
304
Calculate the remainder when 359404 is divided by 179696.
12
What is the remainder when 11513 is divided by 3824?
41
What is the